common factor of 3485079 and 54?
27
Calculate the greatest common divisor of 1497 and 150899097.
1497
What is the highest common divisor of 21131847 and 175824?
10989
What is the highest common divisor of 29997 and 2080782?
297
Calculate the highest common factor of 5749244 and 4316.
332
What is the highest common factor of 5480041 and 694237?
14771
What is the highest common divisor of 315265641 and 2647?
2647
What is the highest common divisor of 2490 and 9283716?
498
What is the highest common factor of 9822036 and 1578?
6
Calculate the greatest common factor of 17985432 and 144.
24
What is the greatest common factor of 437211 and 1269?
27
Calculate the highest common divisor of 77790224 and 16.
16
Calculate the greatest common factor of 604855120 and 90.
10
Calculate the greatest common factor of 3614 and 53431183.
1807
Calculate the highest common factor of 8770369 and 7032.
293
What is the highest common factor of 92389 and 3146220?
2497
What is the highest common divisor of 323 and 24443329?
19
What is the greatest common divisor of 119091 and 1687497?
2247
Calculate the greatest common factor of 1815 and 560445.
15
What is the highest common divisor of 5850 and 1294650?
450
What is the greatest common factor of 1742795 and 140?
5
What is the highest common factor of 961943571 and 57?
57
What is the greatest common factor of 368118 and 48654?
918
What is the highest common divisor of 75024 and 1201426?
1042
What is the highest common factor of 110109 and 58928?
127
What is the greatest common factor of 25702 and 645958?
142
What is the highest common factor of 467637789 and 906?
453
What is the highest common divisor of 264 and 35982309?
33
What is the greatest common divisor of 243612905 and 435?
145
What is the greatest common factor of 2753 and 72084552?
2753
Calculate the highest common divisor of 179004 and 672.
84
Calculate the greatest common divisor of 14208 and 3835272.
888
What is the greatest common factor of 65 and 99513895?
65
What is the highest common factor of 35640915 and 120?
15
What is the greatest common divisor of 3 and 149206?
1
What is the greatest common factor of 11 and 275400499?
11
Calculate the greatest common factor of 20 and 3511424.
4
Calculate the greatest common divisor of 4944816 and 464.
16
Calculate the highest common divisor of 1116 and 7036101.
279
What is the highest common factor of 89311592 and 16?
8
What is the greatest common factor of 43 and 22174111?
43
Calculate the greatest common factor of 151904 and 12314.
94
What is the greatest common factor of 6592735 and 2330?
1165
Calculate the highest common factor of 445152 and 6048.
96
Calculate the greatest common factor of 1513 and 676753.
17
Calculate the greatest common divisor of 828860480 and 10080.
1120
Calculate the highest common factor of 17307332 and 1596.
28
Calculate the highest common factor of 489378440 and 760.
760
Calculate the highest common factor of 16733319 and 318.
159
Calculate the highest common factor of 3924809 and 282653.
1043
What is the greatest common divisor of 172102 and 296590?
266
Calculate the highest common factor of 205260 and 5056260.
660
What is the greatest common divisor of 806651625 and 33700?
8425
Calculate the greatest common divisor of 31778883 and 934.
467
Calculate the highest common divisor of 34648 and 393837.
71
What is the highest common factor of 14137839 and 18?
9
What is the highest common factor of 322755979 and 3913?
3913
What is the highest common divisor of 414 and 642781?
23
What is the highest common divisor of 5638776 and 336232?
5512
Calculate the highest common divisor of 1188 and 86757880.
44
What is the highest common divisor of 131388292 and 16030?
3206
Calculate the highest common divisor of 285039 and 280347.
1173
Calculate the highest common divisor of 3178 and 178.
2
What is the greatest common divisor of 26265 and 67635465?
1545
Calculate the highest common divisor of 42320 and 1842320.
80
What is the highest common divisor of 948119 and 29323479?
6821
What is the greatest common factor of 107947 and 343?
49
What is the highest common factor of 55 and 4454040?
5
Calculate the highest common divisor of 113100 and 83077605.
5655
Calculate the greatest common factor of 402 and 76665018.
402
Calculate the greatest common factor of 3348 and 1747602.
54
What is the greatest common divisor of 153 and 1908774?
9
Calculate the highest common divisor of 5022797 and 143.
13
Calculate the greatest common factor of 29204450 and 700.
50
Calculate the greatest common factor of 183269 and 204254.
1399
What is the highest common divisor of 12678705 and 1170?
585
Calculate the highest common divisor of 2722139 and 52192.
1631
Calculate the greatest common factor of 9492240 and 36.
12
Calculate the highest common divisor of 1584 and 2400651.
99
Calculate the highest common factor of 131564 and 2976.
124
Calculate the greatest common divisor of 18543815 and 130.
5
Calculate the greatest common divisor of 6386592 and 55096.
568
Calculate the highest common divisor of 73072364 and 5620.
1124
What is the highest common divisor of 3977002 and 116?
58
Calculate the highest common divisor of 34283860 and 520.
260
What is the highest common factor of 1495499 and 3573?
397
What is the highest common divisor of 1134000 and 3740940?
1260
Calculate the greatest common divisor of 2556 and 205326.
18
Calculate the greatest common divisor of 26975814 and 632.
158
Calculate the greatest common divisor of 127 and 47670593.
127
Calculate the greatest common factor of 97434687 and 373.
373
Calculate the greatest common factor of 3034616 and 3224.
104
What is the greatest common factor of 1078377489 and 1869?
1869
Calculate the highest common factor of 10370 and 296752.
34
Calculate the highest common divisor of 24882009 and 262.
131
Calculate the highest common factor of 655 and 2877148415.
655
Calculate the greatest common divisor of 1390 and 74085610.
1390
Calculate the greatest common factor of 58904363 and 436.
109
Calculate the highest common factor of 96512496 and 168.
24
What is the highest common factor of 83 and 156543063?
83
Calculate the greatest common divisor of 2789 and 44690936.
2789
Calculate the highest common factor of 22610 and 227548370.
1330
What is the greatest common divisor of 10005 and 83827893?
2001
Calculate the highest common divisor of 12600 and 4007304.
504
Calculate the greatest common factor of 58514 and 35054.
34
What is the highest common factor of 3447 and 125?
1
What is the greatest common factor of 10403 and 27413759?
103
What is the greatest common factor of 455 and 142642255?
35
What is the greatest common factor of 12226135 and 9740?
2435
Calculate the greatest common divisor of 18922167 and 36.
9
Calculate the highest common divisor of 161 and 1812814.
23
What is the highest common divisor of 91341 and 1082759?
199
Calculate the highest common divisor of 2939 and 706803049.
2939
What is the greatest common divisor of 175612754 and 34?
34
What is the highest common factor of 3499109 and 1825?
73
Calculate the highest common factor of 706205120 and 32.
32
Calculate the greatest common factor of 1881088 and 148964.
668
What is the greatest common divisor of 53746290 and 8658?
234
Calculate the highest common factor of 768174 and 22291962.
7458
What is the highest common factor of 341438 and 10665?
79
Calculate the highest common divisor of 2340109 and 32428.
67
What is the greatest common factor of 4415 and 105957351?
883
What is the highest common factor of 52 and 21683350?
26
Calculate the highest common factor of 638 and 2560514.
22
Calculate the highest common divisor of 147202984 and 8.
8
Calculate the highest common divisor of 27897 and 9063243.
1641
What is the greatest common divisor of 1276 and 6810157?
29
What is the highest common factor of 23 and 280122221?
23
What is the highest common factor of 102154631 and 5157?
191
Calculate the greatest common divisor of 462054882 and 570.
114
What is the highest common divisor of 6142648 and 28?
4
Calculate the greatest common factor of 738671 and 85756.
1949
Calculate the greatest common factor of 106820 and 79897.
109
Calculate the highest common divisor of 230653600 and 4800.
800
Calculate the greatest common factor o